prime factors of 529?
23
List the prime factors of 4404.
2, 3, 367
List the prime factors of 50.
2, 5
What are the prime factors of 5820?
2, 3, 5, 97
What are the prime factors of 20342?
2, 7, 1453
What are the prime factors of 6357?
3, 13, 163
What are the prime factors of 39055?
5, 73, 107
List the prime factors of 23817.
3, 17, 467
List the prime factors of 3631.
3631
List the prime factors of 43680.
2, 3, 5, 7, 13
List the prime factors of 4085.
5, 19, 43
What are the prime factors of 5726?
2, 7, 409
What are the prime factors of 52260?
2, 3, 5, 13, 67
List the prime factors of 111193.
251, 443
What are the prime factors of 5297?
5297
List the prime factors of 7460.
2, 5, 373
List the prime factors of 974.
2, 487
What are the prime factors of 2059?
29, 71
List the prime factors of 885.
3, 5, 59
What are the prime factors of 28993?
79, 367
What are the prime factors of 2672?
2, 167
List the prime factors of 2538.
2, 3, 47
What are the prime factors of 2826?
2, 3, 157
What are the prime factors of 36829?
13, 2833
What are the prime factors of 4579?
19, 241
List the prime factors of 8687.
7, 17, 73
What are the prime factors of 19925?
5, 797
What are the prime factors of 2015?
5, 13, 31
What are the prime factors of 54325?
5, 41, 53
List the prime factors of 20392.
2, 2549
What are the prime factors of 34462?
2, 17231
List the prime factors of 915.
3, 5, 61
What are the prime factors of 8106?
2, 3, 7, 193
What are the prime factors of 5197?
5197
What are the prime factors of 285?
3, 5, 19
What are the prime factors of 32?
2
List the prime factors of 20689.
17, 1217
What are the prime factors of 12621?
3, 7, 601
List the prime factors of 1068.
2, 3, 89
What are the prime factors of 2689?
2689
List the prime factors of 41227.
41227
List the prime factors of 31878.
2, 3, 7, 11, 23
What are the prime factors of 10763?
47, 229
What are the prime factors of 107310?
2, 3, 5, 7, 73
What are the prime factors of 1784?
2, 223
List the prime factors of 3251.
3251
List the prime factors of 61140.
2, 3, 5, 1019
List the prime factors of 25308.
2, 3, 19, 37
What are the prime factors of 4356?
2, 3, 11
What are the prime factors of 2192?
2, 137
List the prime factors of 184.
2, 23
What are the prime factors of 92490?
2, 3, 5, 3083
What are the prime factors of 51267?
3, 23, 743
What are the prime factors of 25062?
2, 3, 4177
What are the prime factors of 14296?
2, 1787
What are the prime factors of 6931?
29, 239
What are the prime factors of 466?
2, 233
List the prime factors of 323.
17, 19
List the prime factors of 2974.
2, 1487
List the prime factors of 1316.
2, 7, 47
List the prime factors of 2803.
2803
List the prime factors of 20495.
5, 4099
What are the prime factors of 4620?
2, 3, 5, 7, 11
List the prime factors of 38679.
3, 12893
List the prime factors of 6047.
6047
What are the prime factors of 18541?
18541
List the prime factors of 16668.
2, 3, 463
List the prime factors of 9331.
7, 31, 43
What are the prime factors of 1452?
2, 3, 11
What are the prime factors of 999?
3, 37
List the prime factors of 37682.
2, 83, 227
What are the prime factors of 70248?
2, 3, 2927
What are the prime factors of 118?
2, 59
What are the prime factors of 790?
2, 5, 79
What are the prime factors of 1348?
2, 337
What are the prime factors of 865?
5, 173
List the prime factors of 1666.
2, 7, 17
What are the prime factors of 3831?
3, 1277
What are the prime factors of 52003?
7, 17, 19, 23
List the prime factors of 11845.
5, 23, 103
What are the prime factors of 1022?
2, 7, 73
What are the prime factors of 3604?
2, 17, 53
What are the prime factors of 46882?
2, 11, 2131
What are the prime factors of 4784?
2, 13, 23
List the prime factors of 493.
17, 29
List the prime factors of 3974.
2, 1987
What are the prime factors of 19538?
2, 9769
What are the prime factors of 22664?
2, 2833
What are the prime factors of 43638?
2, 3, 7, 1039
List the prime factors of 14486.
2, 7243
What are the prime factors of 1328?
2, 83
List the prime factors of 6601.
7, 23, 41
What are the prime factors of 6721?
11, 13, 47
What are the prime factors of 7535?
5, 11, 137
List the prime factors of 4493.
4493
What are the prime factors of 26053?
26053
What are the prime factors of 1501?
19, 79
List the prime factors of 72164.
2, 18041
List the prime factors of 2965.
5, 593
What are the prime factors of 6612?
2, 3, 19, 29
What are the prime factors of 144165?
3, 5, 7, 1373
What are the prime factors of 11901?
3, 3967
What are the prime factors of 29302?
2, 7, 13, 23
What are the prime factors of 66475?
5, 2659
List the prime factors of 3802.
2, 1901
List the prime factors of 111932.
2, 27983
What are the prime factors of 10195?
5, 2039
What are the prime factors of 37815?
3, 5, 2521
List the prime factors of 145435.
5, 17, 29, 59
What are the prime factors of 113?
113
List the prime factors of 1317.
3, 439
List the prime factors of 2595.
3, 5, 173
List the prime factors of 3286.
2, 31, 53
List the prime factors of 594.
2, 3, 11
What are the prime factors of 2267?
2267
What are the prime factors of 3291?
3, 1097
List the prime factors of 238.
2, 7, 17
List the prime factors of 6043.
6043
List the prime factors of 13457.
13457
List the prime factors of 1213.
1213
List the prime factors of 5712.
2, 3, 7, 17
List the prime factors of 5929.
7, 11
List the prime factors of 9388.
2, 2347
What are the prime factors of 2531?
2531
What are the prime factors of 120651?
3, 131, 307
List the prime factors of 1154.
2, 577
List the prime factors of 102513.
3, 34171
What are the prime factors of 10835?
5, 11, 197
What are the prime factors of 3106?
2, 1553
What are the prime factors of 3294?
2, 3, 61
What are the prime factors of 389?
389
What are the prime factors of 7150?
2, 5, 11, 13
List the prime factors of 10740.
2, 3, 5, 179
What are the prime factors of 2537?
43, 59
List the prime factors of 13924.
2, 59
What are the prime factors of 22207?
53, 419
List the prime factors of 32861.
17, 1933
List the prime factors of 12690.
2, 3, 5, 47
List the prime factors of 624.
2, 3, 13
List the prime factors of 2256.
2, 3, 47
What are the prime factors of 7969?
13, 613
List the prime factors of 124.
2, 31
What are the prime factors of 1153?
1153
What are the prime factors of 21215?
5, 4243
What are the prime factors of 2412?
2, 3, 67
What are the prime factors of 44010?
2, 3, 5, 163
List the prime factors of 8618.
2, 31, 139
List the prime factors of 2869.
19, 151
What are the prime factors of 661?
661
What are the prime factors of 88607?
88607
What are the prime factors of 1199?
11, 109
List the prime factors of 31657.
31657
What are the prime factors of 1131?
3, 13, 29
What are the prime factors of 2517?
3, 839
What are the prime factors of 20086?
2, 11, 83
What are the prime factors of 4612?
2, 1153
What are the prime factors of 20333?
20333
List the prime factors of 476.
2, 7, 17
List the prime factors of 4685.
5, 937
List the prime factors of 2102.
2, 1051
List the prime factors of 3875.
5, 31
What are the prime factors of 1391?
13, 107
What are the prime factors of 69?
3, 23
List the prime factors of 8507.
47, 181
What are the prime factors of 752?
2, 47
List the prime factors of 48421.
41, 1181
List the prime factors of 5705.
5, 7, 163
List the prime factors of 16561.
16561
List the prime factors of 58835.
5, 7, 41
List the prime factors of 10777.
13, 829
What are the prime factors of 2495?
5, 499
List the prime factors of 1273.
19, 67
List the prime factors of 167.
167
List the prime factors of 14437.
14437
What are the prime factors of 713?
23, 31
List the prime factors of 3467.
3467
What are the prime factors of 754?
2, 13, 29
List the prime factors of 2390.
2, 5, 239
List the prime factors of 40707.
3, 4523
What are the prime factors of 7006?
2, 31, 113
List the prime factors of 776.
2, 97
What are the prime factors of 13613?
13613
What are the prime factors of 44478?
2, 3, 7, 353
List the prime factors of 1602.
2, 3, 89
What are the prime factors of 7064?
2, 883
What are the prime factors of 1299?
3, 433
List the prime factors of 12551.
7, 11, 163
List the prime factors of 10251.
3, 17, 67
What are the prime factors of 4237?
19, 223
What are the prime factors of 45058?
2, 13, 1733
List the prime factors of